{"id":37,"date":"2010-07-06T22:00:00","date_gmt":"2010-07-06T20:00:00","guid":{"rendered":"http:\/\/framgangsforetaget.se\/?page_id=37"},"modified":"2021-12-13T22:00:16","modified_gmt":"2021-12-13T21:00:16","slug":"a","status":"publish","type":"page","link":"https:\/\/framgangsforetaget.se\/?page_id=37","title":{"rendered":"Jag"},"content":{"rendered":"<p>Jag heter Mattias Andersson och \u00e4r fr\u00e5n Norrland. Jag t\u00e4nkte inte skryta mer \u00e4n. Ume\u00e5 som bas.<\/p>\n<p>Under en l\u00e4ngre tid har jag r\u00f6rt mig i det som Frans Johansson i sin eminenta bok &#8221;Medicieffekten&#8221; kallar sk\u00e4rningspunkter. Det \u00e4r ofta odefinierbara m\u00f6tesplatser d\u00e4r olikheter tr\u00e4ffas och nya infallsvinklar skapas. Jag \u00e4gnar mig \u00e5t s\u00e5dan som \u00e4r roligt och produktivt. N\u00e5got annat vore naturligtvis bef\u00e4ngt.<\/p>\n<p>Jag frilansar jag som guide samt \u00e4gnar tid \u00e5t passiva inkomstsystem och produktutveckling. Annars skriver och s\u00e4ljer id\u00e9er n\u00e4r andan faller in.\u00a0\u00a0 F\u00f6rs\u00f6ker umg\u00e5s med individer vars aura kantas av positivitet och fram\u00e5tanda. Jag tycker om m\u00e4nskliga beteenden och \u00e4r en hyfsad observat\u00f6r. Jag har n\u00e5gra universitetspo\u00e4ng i ryggs\u00e4cken och resor till fr\u00e4mmande platser. F\u00f6rs\u00f6ker p\u00e5verka det samh\u00e4lle vi \u00e4r del av. Det brukar bli resultat d\u00e5 jag \u00e4r inblandad.<\/p>\n<p>Nu ska jag g\u00e5 ut med grannens osnutna mellanschnauzer. Hoppas vi ses i folkvimlet.<\/p>\n<p><a href=\"http:\/\/media.framgangsforetaget.se\/2017\/08\/cropped-Mattias-Andersson1.jpeg\"><img loading=\"lazy\" decoding=\"async\" class=\"alignleft size-full wp-image-2711\" src=\"http:\/\/media.framgangsforetaget.se\/2017\/08\/cropped-Mattias-Andersson1.jpeg\" alt=\"cropped-Mattias-Andersson1.jpeg\" width=\"960\" height=\"198\" srcset=\"https:\/\/media.framgangsforetaget.se\/2017\/08\/cropped-Mattias-Andersson1.jpeg 960w, https:\/\/media.framgangsforetaget.se\/2017\/08\/cropped-Mattias-Andersson1-300x61.jpeg 300w\" sizes=\"auto, (max-width: 960px) 100vw, 960px\" \/><\/a><\/p>\n","protected":false},"excerpt":{"rendered":"<p>Jag heter Mattias Andersson och \u00e4r fr\u00e5n Norrland. Jag t\u00e4nkte inte skryta mer \u00e4n. Ume\u00e5 som bas. Under en l\u00e4ngre tid har jag r\u00f6rt mig i det som Frans Johansson i sin eminenta bok &#8221;Medicieffekten&#8221; kallar sk\u00e4rningspunkter. Det \u00e4r ofta odefinierbara m\u00f6tesplatser d\u00e4r olikheter tr\u00e4ffas och nya infallsvinklar skapas. Jag \u00e4gnar mig \u00e5t s\u00e5dan som &hellip; <\/p>\n<p><a class=\"more-link btn\" href=\"https:\/\/framgangsforetaget.se\/?page_id=37\">Forts\u00e4tt l\u00e4sa<\/a><\/p>\n","protected":false},"author":3,"featured_media":0,"parent":0,"menu_order":1,"comment_status":"closed","ping_status":"open","template":"","meta":{"footnotes":""},"class_list":["post-37","page","type-page","status-publish","hentry","nodate","item-wrap"],"_links":{"self":[{"href":"https:\/\/framgangsforetaget.se\/index.php?rest_route=\/wp\/v2\/pages\/37","targetHints":{"allow":["GET"]}}],"collection":[{"href":"https:\/\/framgangsforetaget.se\/index.php?rest_route=\/wp\/v2\/pages"}],"about":[{"href":"https:\/\/framgangsforetaget.se\/index.php?rest_route=\/wp\/v2\/types\/page"}],"author":[{"embeddable":true,"href":"https:\/\/framgangsforetaget.se\/index.php?rest_route=\/wp\/v2\/users\/3"}],"replies":[{"embeddable":true,"href":"https:\/\/framgangsforetaget.se\/index.php?rest_route=%2Fwp%2Fv2%2Fcomments&post=37"}],"version-history":[{"count":32,"href":"https:\/\/framgangsforetaget.se\/index.php?rest_route=\/wp\/v2\/pages\/37\/revisions"}],"predecessor-version":[{"id":3963,"href":"https:\/\/framgangsforetaget.se\/index.php?rest_route=\/wp\/v2\/pages\/37\/revisions\/3963"}],"wp:attachment":[{"href":"https:\/\/framgangsforetaget.se\/index.php?rest_route=%2Fwp%2Fv2%2Fmedia&parent=37"}],"curies":[{"name":"wp","href":"https:\/\/api.w.org\/{rel}","templated":true}]}}